{"id":5,"date":"2022-08-08T10:37:46","date_gmt":"2022-08-08T10:37:46","guid":{"rendered":"https:\/\/kodupaneel.ee\/?page_id=5"},"modified":"2022-08-10T17:47:16","modified_gmt":"2022-08-10T17:47:16","slug":"kontakt","status":"publish","type":"page","link":"https:\/\/kodupaneel.ee\/?page_id=5","title":{"rendered":"Kontakt"},"content":{"rendered":"\n<p>Kui Sul on k\u00fcsimusi v\u00f5ta julgelt \u00fchendust !<\/p>\n\n\n\n<p>Kodupaneel o\u00fc  <\/p>\n\n\n\n<p>Registrikood 16549194<\/p>\n\n\n\n<p>Meie tootmine asub Raplamaal. Kui soovid paneele oma silmaga n\u00e4ha ja katsuda siis palun v\u00f5ta \u00fchendust ja lepime aja kokku.<\/p>\n\n\n\n<p>Telefon 5018167<\/p>\n\n\n\n<p>Email info@kodupaneel.ee<\/p>\n","protected":false},"excerpt":{"rendered":"<p>Kui Sul on k\u00fcsimusi v\u00f5ta julgelt \u00fchendust ! Kodupaneel o\u00fc Registrikood 16549194 Meie tootmine asub Raplamaal. Kui soovid paneele oma silmaga n\u00e4ha ja katsuda siis palun v\u00f5ta \u00fchendust ja lepime aja kokku. Telefon 5018167 Email info@kodupaneel.ee<\/p>\n","protected":false},"author":1,"featured_media":0,"parent":0,"menu_order":0,"comment_status":"closed","ping_status":"closed","template":"","meta":{"footnotes":""},"class_list":["post-5","page","type-page","status-publish","hentry"],"yoast_head":"<!-- This site is optimized with the Yoast SEO plugin v27.3 - https:\/\/yoast.com\/product\/yoast-seo-wordpress\/ -->\n<title>Kontakt - Kodupaneel.ee<\/title>\n<meta name=\"robots\" content=\"index, follow, max-snippet:-1, max-image-preview:large, max-video-preview:-1\" \/>\n<link rel=\"canonical\" href=\"https:\/\/kodupaneel.ee\/?page_id=5\" \/>\n<meta property=\"og:locale\" content=\"et_EE\" \/>\n<meta property=\"og:type\" content=\"article\" \/>\n<meta property=\"og:title\" content=\"Kontakt - Kodupaneel.ee\" \/>\n<meta property=\"og:description\" content=\"Kui Sul on k\u00fcsimusi v\u00f5ta julgelt \u00fchendust ! Kodupaneel o\u00fc Registrikood 16549194 Meie tootmine asub Raplamaal. Kui soovid paneele oma silmaga n\u00e4ha ja katsuda siis palun v\u00f5ta \u00fchendust ja lepime aja kokku. Telefon 5018167 Email info@kodupaneel.ee\" \/>\n<meta property=\"og:url\" content=\"https:\/\/kodupaneel.ee\/?page_id=5\" \/>\n<meta property=\"og:site_name\" content=\"Kodupaneel.ee\" \/>\n<meta property=\"article:modified_time\" content=\"2022-08-10T17:47:16+00:00\" \/>\n<meta name=\"twitter:card\" content=\"summary_large_image\" \/>\n<script type=\"application\/ld+json\" class=\"yoast-schema-graph\">{\"@context\":\"https:\\\/\\\/schema.org\",\"@graph\":[{\"@type\":\"WebPage\",\"@id\":\"https:\\\/\\\/kodupaneel.ee\\\/?page_id=5\",\"url\":\"https:\\\/\\\/kodupaneel.ee\\\/?page_id=5\",\"name\":\"Kontakt - Kodupaneel.ee\",\"isPartOf\":{\"@id\":\"https:\\\/\\\/kodupaneel.ee\\\/#website\"},\"datePublished\":\"2022-08-08T10:37:46+00:00\",\"dateModified\":\"2022-08-10T17:47:16+00:00\",\"breadcrumb\":{\"@id\":\"https:\\\/\\\/kodupaneel.ee\\\/?page_id=5#breadcrumb\"},\"inLanguage\":\"et\",\"potentialAction\":[{\"@type\":\"ReadAction\",\"target\":[\"https:\\\/\\\/kodupaneel.ee\\\/?page_id=5\"]}]},{\"@type\":\"BreadcrumbList\",\"@id\":\"https:\\\/\\\/kodupaneel.ee\\\/?page_id=5#breadcrumb\",\"itemListElement\":[{\"@type\":\"ListItem\",\"position\":1,\"name\":\"Home\",\"item\":\"https:\\\/\\\/kodupaneel.ee\\\/\"},{\"@type\":\"ListItem\",\"position\":2,\"name\":\"Kontakt\"}]},{\"@type\":\"WebSite\",\"@id\":\"https:\\\/\\\/kodupaneel.ee\\\/#website\",\"url\":\"https:\\\/\\\/kodupaneel.ee\\\/\",\"name\":\"Kodupaneel.ee\",\"description\":\"SIP paneelide tootja\",\"potentialAction\":[{\"@type\":\"SearchAction\",\"target\":{\"@type\":\"EntryPoint\",\"urlTemplate\":\"https:\\\/\\\/kodupaneel.ee\\\/?s={search_term_string}\"},\"query-input\":{\"@type\":\"PropertyValueSpecification\",\"valueRequired\":true,\"valueName\":\"search_term_string\"}}],\"inLanguage\":\"et\"}]}<\/script>\n<!-- \/ Yoast SEO plugin. -->","yoast_head_json":{"title":"Kontakt - Kodupaneel.ee","robots":{"index":"index","follow":"follow","max-snippet":"max-snippet:-1","max-image-preview":"max-image-preview:large","max-video-preview":"max-video-preview:-1"},"canonical":"https:\/\/kodupaneel.ee\/?page_id=5","og_locale":"et_EE","og_type":"article","og_title":"Kontakt - Kodupaneel.ee","og_description":"Kui Sul on k\u00fcsimusi v\u00f5ta julgelt \u00fchendust ! Kodupaneel o\u00fc Registrikood 16549194 Meie tootmine asub Raplamaal. Kui soovid paneele oma silmaga n\u00e4ha ja katsuda siis palun v\u00f5ta \u00fchendust ja lepime aja kokku. Telefon 5018167 Email info@kodupaneel.ee","og_url":"https:\/\/kodupaneel.ee\/?page_id=5","og_site_name":"Kodupaneel.ee","article_modified_time":"2022-08-10T17:47:16+00:00","twitter_card":"summary_large_image","schema":{"@context":"https:\/\/schema.org","@graph":[{"@type":"WebPage","@id":"https:\/\/kodupaneel.ee\/?page_id=5","url":"https:\/\/kodupaneel.ee\/?page_id=5","name":"Kontakt - Kodupaneel.ee","isPartOf":{"@id":"https:\/\/kodupaneel.ee\/#website"},"datePublished":"2022-08-08T10:37:46+00:00","dateModified":"2022-08-10T17:47:16+00:00","breadcrumb":{"@id":"https:\/\/kodupaneel.ee\/?page_id=5#breadcrumb"},"inLanguage":"et","potentialAction":[{"@type":"ReadAction","target":["https:\/\/kodupaneel.ee\/?page_id=5"]}]},{"@type":"BreadcrumbList","@id":"https:\/\/kodupaneel.ee\/?page_id=5#breadcrumb","itemListElement":[{"@type":"ListItem","position":1,"name":"Home","item":"https:\/\/kodupaneel.ee\/"},{"@type":"ListItem","position":2,"name":"Kontakt"}]},{"@type":"WebSite","@id":"https:\/\/kodupaneel.ee\/#website","url":"https:\/\/kodupaneel.ee\/","name":"Kodupaneel.ee","description":"SIP paneelide tootja","potentialAction":[{"@type":"SearchAction","target":{"@type":"EntryPoint","urlTemplate":"https:\/\/kodupaneel.ee\/?s={search_term_string}"},"query-input":{"@type":"PropertyValueSpecification","valueRequired":true,"valueName":"search_term_string"}}],"inLanguage":"et"}]}},"_links":{"self":[{"href":"https:\/\/kodupaneel.ee\/index.php?rest_route=\/wp\/v2\/pages\/5","targetHints":{"allow":["GET"]}}],"collection":[{"href":"https:\/\/kodupaneel.ee\/index.php?rest_route=\/wp\/v2\/pages"}],"about":[{"href":"https:\/\/kodupaneel.ee\/index.php?rest_route=\/wp\/v2\/types\/page"}],"author":[{"embeddable":true,"href":"https:\/\/kodupaneel.ee\/index.php?rest_route=\/wp\/v2\/users\/1"}],"replies":[{"embeddable":true,"href":"https:\/\/kodupaneel.ee\/index.php?rest_route=%2Fwp%2Fv2%2Fcomments&post=5"}],"version-history":[{"count":11,"href":"https:\/\/kodupaneel.ee\/index.php?rest_route=\/wp\/v2\/pages\/5\/revisions"}],"predecessor-version":[{"id":93,"href":"https:\/\/kodupaneel.ee\/index.php?rest_route=\/wp\/v2\/pages\/5\/revisions\/93"}],"wp:attachment":[{"href":"https:\/\/kodupaneel.ee\/index.php?rest_route=%2Fwp%2Fv2%2Fmedia&parent=5"}],"curies":[{"name":"wp","href":"https:\/\/api.w.org\/{rel}","templated":true}]}}